{"id":32,"date":"2023-03-21T10:50:14","date_gmt":"2023-03-21T09:50:14","guid":{"rendered":"https:\/\/cercledesmediateursenvironnementauxetadministratifs.fr\/?page_id=32"},"modified":"2023-03-21T15:36:59","modified_gmt":"2023-03-21T14:36:59","slug":"mediation-administrative","status":"publish","type":"page","link":"https:\/\/cercledesmediateursenvironnementauxetadministratifs.fr\/?page_id=32","title":{"rendered":"M\u00e9diation administrative"},"content":{"rendered":"\n<p>En France, <\/p>\n\n\n\n<p><strong>L&rsquo;article L.213-1 du Code de Justice Administrative <\/strong>d\u00e9finit la m\u00e9diation comme \u00a0\u00bb <em>tout processus structur\u00e9, quelle qu&rsquo;en soit la d\u00e9nomination, par lequel deux ou plusieurs parties tentent de parvenir \u00e0 un accord en vue de la r\u00e9solution amiable de leurs diff\u00e9rends, avec l&rsquo;aide d&rsquo;un tiers, le m\u00e9diateur, choisi par elles ou d\u00e9sign\u00e9, avec leur accord, par la juridiction\u00a0\u00bb<\/em><\/p>\n\n\n\n<p><strong>L<\/strong><strong>&lsquo;a<\/strong><strong>rticle R. 213-1 du code de justice administrative<\/strong> pr\u00e9cise que si une m\u00e9diation est d\u00e9clench\u00e9e elle peut porter \u00ab&nbsp; [\u2026]<em> sur tout ou partie d&rsquo;un litige.<\/em>&nbsp;\u00bb<\/p>\n\n\n\n<p><strong>L\u2019article L213-3 du code de justice administrative limite le champ&nbsp;: <\/strong>\u00ab<em>&nbsp;l\u2019accord auquel parviennent les parties ne peut porter atteinte \u00e0 des droits dont elles n\u2019ont pas la libre disposition&nbsp;\u00bb<\/em>. Il n&rsquo;y aura ainsi pas de m\u00e9diation en cas de renonciation \u00e0 une libert\u00e9 ou un droit fondamental(e).<\/p>\n\n\n\n<p><strong>Les juridictions administratives fran\u00e7aises sont comp\u00e9tentes pour les diff\u00e9rends aff\u00e9rents \u00e0 :<\/strong><\/p>\n\n\n\n<ul class=\"wp-block-list\">\n<li>la fonction publique hospitali\u00e8re<\/li>\n\n\n\n<li>la fonction publique territoriale<\/li>\n\n\n\n<li>la fonction publique d&rsquo;\u00c9tat &#8211; Arm\u00e9e -Magistrats -Militaires- Police<\/li>\n\n\n\n<li>les contentieux sociaux (Pour la France&nbsp;: Logement, FSL (Fond de Solidarit\u00e9 pour le Logement), Expropriation, DALO, S\u00e9curit\u00e9 sociale, RSA, aide sociale aux handicap\u00e9s, aides financi\u00e8res au logement , droits des travailleurs sans emploi )<\/li>\n\n\n\n<li>les contentieux li\u00e9s aux situations pour les \u00e9trangers et rapatri\u00e9s (Mutuelle \u00c9trangers &#8211; (DCEM-TIR (Document de Circulation pour \u00c9tranger Mineur -Titre d&rsquo;Identit\u00e9 R\u00e9publicain), invitation \u00e0 quitter le territoire, refus de s\u00e9jours sans OQTF&#8230;)<\/li>\n\n\n\n<li>les contentieux d&rsquo;ordre fiscal<\/li>\n\n\n\n<li>les contentieux en mati\u00e8re d&rsquo;urbanisme et am\u00e9nagement du territoire, d&rsquo;urbanisme commercial<\/li>\n\n\n\n<li>les contentieux en mati\u00e8re de march\u00e9s et contrats publics, de travaux publics- du domaine de Voirie (CGV)<\/li>\n\n\n\n<li>les contentieux dans les \u00e9tablissements publics, les collectivit\u00e9s territoriales<\/li>\n\n\n\n<li>les contentieux en mati\u00e8re d&rsquo;agriculture,<\/li>\n\n\n\n<li>les contentieux environnementaux<\/li>\n\n\n\n<li>les contentieux li\u00e9s au sport, \u00e0 l&rsquo;\u00e9ducation<\/li>\n\n\n\n<li>les contentieux li\u00e9s aux droits des personnes et libert\u00e9s publiques, \u00e0 la sant\u00e9 publique<\/li>\n\n\n\n<li>les contenteux li\u00e9s aux d\u00e9corations et les contentieux \u00e9lectoraux<\/li>\n<\/ul>\n\n\n\n<p>Pour la m\u00e9diation militaire, le D\u00e9cret n\u00b0 2015-368 du 30 mars 2015 portant cr\u00e9ation de la fonction de m\u00e9diateur militaire a permis d&rsquo;instaurer le processus de m\u00e9diation au sein du minist\u00e8re de la d\u00e9fense et de la gendarmerie nationale. Depuis 2015, les articles D. 3124-12 et D.4121-2 du code de d\u00e9fense encadrent le processus (Cf SIGLE I -Initiation \u00e0 la m\u00e9diation administrative )<\/p>\n\n\n\n<p>En 2017, le Conseil d\u2019Etat a \u00e9tabli une charte \u00e9thique des m\u00e9diateurs dans les litiges administratifs pr\u00e9cisant les exigences d&rsquo;un m\u00e9diateur administratif (Art R213-3 CJA)<a href=\"https:\/\/www.conseil-etat.fr\/Media\/contenu-froid\/documents\/2019\/02-fevrier\/charte-ethique-mediateurs-13-12-17\" data-type=\"URL\" data-id=\"https:\/\/www.conseil-etat.fr\/Media\/contenu-froid\/documents\/2019\/02-fevrier\/charte-ethique-mediateurs-13-12-17\">https:\/\/www.conseil-etat.fr\/Media\/contenu-froid\/documents\/2019\/02-fevrier\/charte-ethique-mediateurs-13-12-17<\/a><\/p>\n\n\n\n<p>Fin 2021, les juridictions administratives ont atteint l\u2019objectif d\u00e9fini par le vice-pr\u00e9sident du Conseil d\u2019Etat en 2019 en mati\u00e8re de m\u00e9diation, \u00e0 savoir le \u00ab 1% m\u00e9diation \u00bb, soit \u00ab 1% des affaires enregistr\u00e9es par les juridictions administratives font l\u2019objet d\u2019une r\u00e9orientation effective en m\u00e9diation \u00bb.<\/p>\n\n\n\n<p>En 2022, le nouveau vice-pr\u00e9sident du Conseil d\u2019Etat a souhait\u00e9 consolider et s\u00e9curiser ce pallier en retenant pour nouvel objectif le d\u00e9veloppement qualitatif des missions de m\u00e9diation. Les juridictions administratives n\u2019ont pas \u00e9tabli de listes officielles de m\u00e9diateurs. Et ont souhait\u00e9 adopter une approche plus \u00ab qualitative \u00bb dans ce domaine en op\u00e9rant une plus grande s\u00e9lection parmi les candidats m\u00e9diateurs afin de d\u00e9velopper et renforcer des \u00ab viviers \u00bb de m\u00e9diateurs au niveau local, r\u00e9gional et national.<\/p>\n\n\n\n<p>Le CNB a contribu\u00e9 \u00e0 la r\u00e9daction d&rsquo;un R\u00e9f\u00e9rentiel organis\u00e9 autour de quatre th\u00e8mes : la formation\/ les sp\u00e9cificit\u00e9s du contentieux administratif \/le m\u00e9diateur \u00ab personne morale \u00bb \/ la charte \u00e9thique des m\u00e9diateurs \u00e9voqu\u00e9e plus haut<\/p>\n","protected":false},"excerpt":{"rendered":"<p>En France, L&rsquo;article L.213-1 du Code de Justice Administrative d\u00e9finit la m\u00e9diation comme \u00a0\u00bb tout processus structur\u00e9, quelle qu&rsquo;en soit la d\u00e9nomination, par lequel deux ou plusieurs parties tentent de parvenir \u00e0 un accord en vue de la r\u00e9solution amiable de leurs diff\u00e9rends, avec l&rsquo;aide d&rsquo;un tiers, le m\u00e9diateur, choisi par elles ou d\u00e9sign\u00e9, avec [&hellip;]<\/p>\n","protected":false},"author":1,"featured_media":0,"parent":0,"menu_order":0,"comment_status":"closed","ping_status":"closed","template":"","meta":{"footnotes":""},"class_list":["post-32","page","type-page","status-publish","hentry"],"_links":{"self":[{"href":"https:\/\/cercledesmediateursenvironnementauxetadministratifs.fr\/index.php?rest_route=\/wp\/v2\/pages\/32","targetHints":{"allow":["GET"]}}],"collection":[{"href":"https:\/\/cercledesmediateursenvironnementauxetadministratifs.fr\/index.php?rest_route=\/wp\/v2\/pages"}],"about":[{"href":"https:\/\/cercledesmediateursenvironnementauxetadministratifs.fr\/index.php?rest_route=\/wp\/v2\/types\/page"}],"author":[{"embeddable":true,"href":"https:\/\/cercledesmediateursenvironnementauxetadministratifs.fr\/index.php?rest_route=\/wp\/v2\/users\/1"}],"replies":[{"embeddable":true,"href":"https:\/\/cercledesmediateursenvironnementauxetadministratifs.fr\/index.php?rest_route=%2Fwp%2Fv2%2Fcomments&post=32"}],"version-history":[{"count":2,"href":"https:\/\/cercledesmediateursenvironnementauxetadministratifs.fr\/index.php?rest_route=\/wp\/v2\/pages\/32\/revisions"}],"predecessor-version":[{"id":351,"href":"https:\/\/cercledesmediateursenvironnementauxetadministratifs.fr\/index.php?rest_route=\/wp\/v2\/pages\/32\/revisions\/351"}],"wp:attachment":[{"href":"https:\/\/cercledesmediateursenvironnementauxetadministratifs.fr\/index.php?rest_route=%2Fwp%2Fv2%2Fmedia&parent=32"}],"curies":[{"name":"wp","href":"https:\/\/api.w.org\/{rel}","templated":true}]}}